q + 1028. Calculate the remainder when 525 is divided by q.
258
Let r(s) = s**2 - 3*s + 6. Let k be r(-5). Let n(t) = -6*t**2 + 30*t - 2. Let o be n(4). Suppose 20*z = o*z - k. What is the remainder when 43 is divided by z?
20
Let c(x) = 3*x**2 - 259*x + 3079. Calculate the remainder when c(11) is divided by 570.
23
Let b = -1504 - -1522. What is the remainder when (-3 - -70) + 1 + 0 is divided by b?
14
Let h(z) be the third derivative of -12*z**2 - 1/24*z**4 + 1/120*z**6 - 1/5*z**5 + 0*z + 14/3*z**3 + 0. Calculate the remainder when 57 is divided by h(12).
9
Suppose 0 = f + 5*v - 23 + 4, -v + 85 = 3*f. What is the remainder when (-1)/(16/(-1116)) - (-12)/48 is divided by f?
12
Suppose 140 = 383*n - 376*n. Suppose -4*t + 736 = n. What is the remainder when t is divided by 27?
17
Let a(b) = b**3 - 13*b**2 + 14*b - 40. Let v be a(12). Let k = 8 - v. What is the remainder when 358 is divided by k?
22
Let v(t) = -t**2 - 10*t + 14. Suppose g = -0 - 9. Let j = -4 - g. What is the remainder when v(0) is divided by j?
4
Let z(p) = -5*p - 9. Let x be (-3 + -1)/1 - 2. Calculate the remainder when z(x) is divided by 15.
6
Let w be (-4)/(-6)*3*(-2060)/10. Let t = 468 + w. What is the remainder when t is divided by 14?
0
Let a be ((-80)/(-15))/((-4)/(-30)). Let s = a - 35. Suppose -w - 72 = -s*w. What is the remainder when w is divided by 10?
8
Let f = -94 + 106. Suppose -f + 4 = 2*a, 2*a = -3*m + 13. Let r = 16 - m. Calculate the remainder when 30 is divided by r.
3
Let f be (-6)/((54/(-4656))/(3/4)). Let z = f - 326. What is the remainder when z is divided by 27?
8
Suppose 5*q - 2*u = 32, 3*q + 3*u - 3 = 12. Calculate the remainder when -458*q/(-16)*(-20)/(-15) is divided by 27/6*44/6.
31
Let v = 11 - -24. Suppose 0 = 77*n + 194 - 1118. Calculate the remainder when v is divided by n.
11
Let a = -195 - -194. Let j(z) = -29*z**3 + z**2 + 4*z + 3. Let m(g) = 2*g**3 - 4*g**2 - 2*g + 3. What is the remainder when j(a) is divided by m(3)?
14
Let l = 5406 + -5179. Calculate the remainder when 7488 is divided by l.
224
Suppose 128*s - 157*s + 11890 = 0. What is the remainder when s is divided by 199?
12
Suppose -6*z + 3*z + 3 = 0. Let g(o) = 216*o**3 + o**2 + 3*o - 4. What is the remainder when g(z) is divided by 31?
30
Suppose -3*i + 46 = -5*u, 3*i = -2*i + 3*u + 50. Suppose -s + 3*v + 25 = -11, -4*v = -4*s + 120. Calculate the remainder when s is divided by i.
6
Let d = -23860 + 23862. What is the remainder when 4412 is divided by d?
0
Suppose -15*g - 32 = -632. What is the remainder when 40 is divided by (-9)/(-15) + (3752/g)/7?
12
Let z(k) = -3*k**2 - 380*k + 937. Calculate the remainder when z(-118) is divided by 24.
21
Suppose -17*i - 28 = -4*g - 19*i, -g = -3*i - 7. Suppose 3510 = -g*a + 17*a. What is the remainder when a is divided by 71?
67
Let v be (1 + -90 - 1)/(-2). Let w = 49 - v. Calculate the remainder when w is divided by 3.
1
Let f = -2114 + 2181. What is the remainder when 801 is divided by f?
64
Let m(w) = w**3 + 15*w**2 + 22*w + 16. Let o be m(-13). Let h = o - 55. What is the remainder when -261*((-5)/(-3) - 2) is divided by h?
9
Suppose 0 = 14*f - 12*f - 98. Suppose 0 = -9*t - f - 32. What is the remainder when 16 is divided by t/24 - 83/(-8)?
6
Let v = -78 - -82. Suppose -v*c - 8*c = 276. What is the remainder when c/(-4*((-20)/(-16))/5) is divided by 3?
2
Let q = -37283 + 37394. Calculate the remainder when 18203 is divided by q.
110
Let d(r) = r**3 + 7*r**2 + 3*r + 4. What is the remainder when (42 + (-1244)/(-8))/(15/(-6) - -3) is divided by d(-6)?
21
Let i(h) = -225*h - 104. Let n be i(-4). What is the remainder when (n/(-6))/(100/(-150)) is divided by 26?
17
Calculate the remainder when 36 is divided by (-6 - (-27)/5) + (-39)/(-15).
0
Let z = 86 + -147. What is the remainder when (1 - 0)*(-2 - z) is divided by (-165)/66 + (-50)/(-4)?
9
Let q(o) = 2*o + 29. Let k(w) = 15*w**2 - w - 1. Let x be k(-1). Suppose 13*b + 28 = x*b. Calculate the remainder when q(6) is divided by b.
13
Let t(i) = 6*i - 18. Let h be t(-6). Let k be (-2)/(-3)*(h/(-3))/3. Suppose 0 = -k*y - 3*b + 53, 6*b - 3*b = -15. What is the remainder when 65 is divided by y?
14
Let r(x) = 5*x + 44. Suppose -15*s = 137 - 32. What is the remainder when 69 is divided by r(s)?
6
Suppose -132 - 34 = -h. Let y(c) = c**3 + 8*c**2 - 31*c + 2. Let p be y(3). Calculate the remainder when h is divided by ((-2)/p)/((-47)/2632).
12
Let d(r) = -4276*r + 17185. What is the remainder when d(4) is divided by 30?
21
Let a(r) be the second derivative of 5*r**4/4 + 5*r**3/2 - 37*r**2/2 - 12*r + 5. What is the remainder when a(-8) is divided by 12?
11
Suppose -710*r + 750*r - 5423 = 2737. What is the remainder when r is divided by 55?
39
Suppose -3*j = -5*l - 1308, -4*j + 52*l - 48*l + 1752 = 0. Calculate the remainder when j is divided by 74.
71
Let k be 23970/423*((-1)/(-2) - -1). Let o = -41 + k. Let g = 2 - -14. What is the remainder when o is divided by g?
12
Suppose -p - 5*r = 31, 0 = 6*p - 2*p - 2*r + 36. Let h = 40 + p. Calculate the remainder when h is divided by 11.
7
Let y(v) = v**3 + 54*v**2 - 1770*v + 105. Calculate the remainder when (56/6)/((-1)/(-3)) is divided by y(-77).
0
Calculate the remainder when 14*7/98*1019 is divided by 336.
11
Let j be -1*(-15 - 108/(-4)). Let q(i) = -6*i + 2. Let d(z) = -z + 1. Let y(m) = -10*d(m) + 2*q(m). What is the remainder when 177 is divided by y(j)?
15
Let z(d) = 3*d**2 - 4*d + 7. Let v be z(7). Let f(j) = -j**2 + 7*j + 8. Calculate the remainder when (18/4)/(v/2688) is divided by f(6).
12
Suppose n + 0*n + 2*z + 3 = 0, z - 3 = -2*n. Calculate the remainder when n - 3 - (5 - 1) - -181 is divided by 30.
27
Suppose -10*k = -650 + 760. Let n(u) = -u**2 - 3*u + 118. Let i(a) = -a**3 + 7*a**2 + 2*a + 1. Calculate the remainder when i(4) is divided by n(k).
27
Suppose 257903 - 56504 = 33*a. What is the remainder when a is divided by 12?
7
Suppose 0 = -2*p + 2*b - 73 - 35, 3*p - b = -164. Let s = -252 + 326. Let r = p + s. What is the remainder when 54 is divided by r?
16
Suppose -4*x = 16*x - 14040. Suppose -265 = 19*l - x. What is the remainder when 156 is divided by l?
18
Suppose 38260 = 8*c + 37092. Calculate the remainder when c is divided by 45.
11
Let k(i) = -7*i**2 + i + 4. Let j(s) = -7*s**2 + 5. Let t(q) = 4*j(q) - 5*k(q). Calculate the remainder when t(2) is divided by -15*((-4)/10 + 0).
0
Suppose 3*o + 181 = 1444. Calculate the remainder when o is divided by 10.
1
Suppose 12*p = 17*p - 45. Let t(u) be the second derivative of u**4/6 - 7*u**3/6 - u**2 + 17*u. What is the remainder when t(p) is divided by 26?
19
Let f(y) be the third derivative of y**5/15 - 31*y**3/6 - 43*y**2 - 4*y. Calculate the remainder when f(-7) is divided by 4.
1
Let d(z) = 7*z**3 - 2*z**2 - 4*z + 3. Let q be d(4). Let b = q + -391. What is the remainder when 33 is divided by b?
9
Suppose -19*t - 27*t + 1862 = 3*t. Calculate the remainder when 247 is divided by t.
19
Let q(t) = t**2 + 33*t - 53. Let n(f) = -29*f + 23. Let v be n(2). Calculate the remainder when 21 is divided by q(v).
4
Let a be 4 - 60/(0 - -5). Let c = 12 - a. Suppose q - c = -q. What is the remainder when 17 is divided by q?
7
Let v be (1/(2/(-30)))/(90/(-30)). Suppose v*r + 0*m - 639 = m, 0 = 5*m + 20. Calculate the remainder when r is divided by 19.
13
Let y(f) = 14*f**2 - 196*f + 150. Calculate the remainder when y(58) is divided by 52.
50
Let n be (-76)/(-2) - (1 - 0). Suppose 4 - n = -3*w. Calculate the remainder when w is divided by -3 + 13 - (4 - -3).
2
Suppose 4*t - p = 771, 2 = -p + 3. Suppose -4*x = u - 265, -4*x + 10*u = 15*u - 285. What is the remainder when t is divided by x?
63
Suppose -5*f = -184 - 76. Suppose -34 = -24*m - 106. What is the remainder when f is divided by -1 - 45/(m + 0)?
10
Suppose -9 = -t + 9. Suppose -3*y - 15 = -12, 0 = 2*c + 5*y - 3. Suppose -8*m + c*m = -r - 278, -2*r = 3*m - 203. What is the remainder when m is divided by t?
15
Let a(j) = 2*j**3 - j**2 - 3. Let i = 243 - 230. Calculate the remainder when i is divided by a(2).
4
Suppose 14*m - 2*m - 6684 = 0. Suppose -27*z + m = -172. What is the remainder when 350 is divided by z?
26
Let f(z) = 4*z**3 - 35*z**2 + 65*z + 2. Calculate the remainder when 205 is divided by f(2).
13
Suppose -9*a + 26 = -11*a. Wha